st common factor of i and h.
12
Suppose -u + 12 = 4. Suppose -6*w = 4*f - w - 36, 2*w - u = 0. What is the highest common divisor of f and 12?
4
Suppose 0 = 3*g - 0*g + 4*w - 40, 0 = -g + 3*w - 4. Let z be 2/5 - (-207)/45. Suppose -z*d + 6*d - 64 = 0. Calculate the highest common divisor of d and g.
8
Let n(w) = w - 3. Let d(r) = 2*r - 2. Let s(k) = -4*d(k) + 5*n(k). Let m be s(-5). Calculate the greatest common divisor of 56 and m.
8
Suppose 6*z - 5*z = 14. Calculate the highest common divisor of 14 and z.
14
Let k be (-166 - (8 - 4)) + 1. Suppose s = -s - 590. Let w = k - s. Calculate the greatest common factor of 14 and w.
14
Let y be 5 + (-2 - -2)/(-3). Suppose -n - 106 = -2*d - 3*n, 91 = 2*d + y*n. Let h be (-2)/8 + d/8. Calculate the highest common divisor of 56 and h.
7
Let i = -7 + 2. Let d = 8 + i. Suppose 3*k = 11 - 2. Calculate the highest common divisor of d and k.
3
Let r be (-6)/9 + (-742)/(-6). Calculate the highest common divisor of r and 41.
41
Let v = 21 + 18. What is the greatest common factor of v and 13?
13
Let a(w) = -2*w**3 + w**2 - 4*w - 5. Let x be a(-2). What is the highest common divisor of 207 and x?
23
Let j(k) be the second derivative of 1/20*k**5 + 1/3*k**3 + 2*k - 1/4*k**4 + 4*k**2 + 0. Let i be j(6). What is the greatest common divisor of 16 and i?
16
Suppose 2*y + 0*y = 54. Let o be 6/y + 142/9. Calculate the greatest common divisor of o and 2.
2
Suppose 5*w = -5*w + 620. What is the highest common divisor of 155 and w?
31
Let u(m) = m**2 - 6*m - 5. Let j be u(4). Let i = -1 - j. Suppose -5*o = -53 - i. Calculate the greatest common factor of 91 and o.
13
Let q = -435 + 1223. Let y be q/14 - (-6)/(-21). Let a(z) = 2*z - 5. Let j be a(6). Calculate the highest common factor of j and y.
7
Suppose 720 = 5*i - 6*v + 2*v, 0 = -4*i - v + 576. Suppose 0*k = -3*k + i. Suppose 15*j - 13*j = 32. Calculate the highest common divisor of j and k.
16
Let o(n) = n + 1. Let f be o(16). Let r be (-1 + f)/4 + 0. Calculate the highest common factor of 10 and r.
2
Let k be 14/(-3)*(-9)/6. Suppose 209 = 5*b - 71. What is the greatest common factor of k and b?
7
Let m(x) = x + 5. Let s be m(7). What is the highest common factor of 132 and s?
12
Suppose 19 - 289 = -3*x. What is the greatest common divisor of 60 and x?
30
Suppose 9 + 7 = 4*w - 2*f, -2*w + 4*f = 4. Calculate the greatest common divisor of w and 24.
6
Let u = 103 - 73. Let n = -11 + 17. Calculate the highest common divisor of n and u.
6
Let v be 58/(-2)*(0 - 1). Let l = v + -10. Let y be 24/180 - (-4556)/30. What is the greatest common divisor of l and y?
19
Let h = 2 - -4. Calculate the greatest common divisor of h and 2.
2
Let t = -19 - -13. Let k(u) = u**2 + 3*u - 1. Let p be k(t). What is the greatest common factor of 17 and p?
17
Let j(o) = -o**3 - 11*o**2 + 7*o - 12. Let n be j(-12). Let l(v) = -31*v - 4. Let w be l(-4). Calculate the highest common factor of n and w.
24
Suppose 345 = 2*g - 75. Suppose g = 5*a - 4*d - d, -4*a = 5*d - 186. Suppose -5 = 5*w - 10*w, -3*b = 2*w - a. What is the greatest common factor of b and 28?
14
Let h = -36 - -70. Calculate the greatest common divisor of 238 and h.
34
Let t be (-1635)/(-25) + (-3)/(-5). Let k = 23 - 1. What is the greatest common divisor of k and t?
22
Let o = -63 - -93. Let d = 8 + o. Calculate the greatest common factor of d and 57.
19
Suppose 3*b + 3*s = 225, -2*b = -5*b + 4*s + 225. What is the highest common factor of 25 and b?
25
Let m be (99/(-12))/((-21)/224). Let w(p) = -p**3 + 5*p**2 + 9*p - 7. Let g be w(6). Calculate the highest common divisor of g and m.
11
Suppose 1 = -5*l + 11. Suppose -3*c + 3*w + 45 = 0, c - 3*c + 9 = 5*w. Suppose -4*z = 4*o - c, -4*z = -o + 1 - 3. What is the greatest common factor of o and l?
2
Suppose -32 = p - 3*p. Let x(u) = 113*u**2 + u. Suppose 0*r + 4 = 2*d + 3*r, 0 = 4*d + 5*r - 6. Let c be x(d). What is the greatest common divisor of c and p?
16
Let o = 80 + -45. Calculate the highest common factor of o and 21.
7
Let y be (-1)/(1/(-5))*1. Suppose -3 = -o + n - 4*n, -o + y*n = 5. Let a be (1 + o)/(2/140). What is the greatest common factor of 14 and a?
14
Let r(h) be the second derivative of h**4/4 + h**3/3 + 3*h**2/2 + 2*h. Let s be r(-3). Calculate the greatest common factor of s and 6.
6
Let k = 39 - 32. Calculate the highest common divisor of k and 21.
7
Let x(h) = h**3 - 2*h**2 - h - 3. Let q be x(3). Suppose 0 = f + 2*f - 45. What is the highest common divisor of f and q?
3
Let c(r) = -r + 4. Let h be c(0). Suppose -h = -t - t. Let w be t + 0/(3 + -2). Calculate the highest common factor of 5 and w.
1
Suppose 0*r + 4 = -4*r + 5*i, r - 2*i + 4 = 0. Let f(d) = d - 1. Let w be f(r). Let u be 2/(-10) + (-155)/(-25). What is the greatest common divisor of u and w?
3
Let s(x) = -x**3 - 9*x**2 + x + 12. Let p be s(-9). Calculate the greatest common factor of p and 3.
3
Let t(l) = -26*l - 2. Let n be t(-3). Suppose 5*w + 1 = n. Let o(m) = m + 11. Let z be o(-8). What is the greatest common divisor of z and w?
3
Let a(x) = 14*x**2 + 2*x - 7. Let w be a(-3). Let i = w - 53. What is the highest common divisor of 24 and i?
12
Let t be ((-9)/6)/((-3)/4). What is the greatest common divisor of t and 1?
1
Let b(l) = l**2 - 7*l + 8. Let x be b(7). What is the greatest common divisor of 4 and x?
4
Suppose 8 = -2*i + 98. Let t be (-4)/6 + 64/6. Let j = t - 1. What is the highest common divisor of i and j?
9
Let f = -5 - -38. Suppose -7*o + 8*o = f. Let m = -52 - -74. Calculate the highest common divisor of o and m.
11
Let r = -79 - 78. Let i = 241 + r. Let l(c) = 4*c**2 - 3*c + 2. Let k be l(2). Calculate the highest common factor of i and k.
12
Let r be 7/(-21) + (-7)/(-3). Let b be (9 - 1)/(3/6). What is the highest common factor of b and r?
2
Let d = 9 + -5. Suppose n - 5*l - 36 = -n, -d*l = 5*n - 90. What is the greatest common divisor of n and 18?
18
Let i(m) = -m + 22. Let x be i(9). Let y = x - 4. Calculate the greatest common divisor of 99 and y.
9
Let c = -130 - -144. What is the highest common factor of c and 70?
14
Suppose 201 = 3*n + 3*g, 327 = 4*n + n + 3*g. Let s = 1 - 1. Suppose s = a - 0 - 7. Calculate the greatest common factor of n and a.
7
Suppose 2 = -4*r - 2. Let j(g) = 103*g + 4. Let a(p) = 69*p + 3. Let s(q) = 7*a(q) - 5*j(q). Let b be s(r). Calculate the highest common factor of 3 and b.
3
Let o(s) = s + 19. Let m be o(-6). What is the highest common factor of m and 117?
13
Suppose -b + 19 = -105. What is the greatest common divisor of b and 31?
31
Let j = -83 + 139. What is the greatest common factor of 8 and j?
8
Suppose 98 - 360 = -h. Let d be 2/11 - h/(-11). Let q = -53 - -113. What is the highest common divisor of d and q?
12
Let p(t) = 5*t - 16. Let f be p(5). Calculate the greatest common divisor of 63 and f.
9
Let a(o) = 4*o**3 - 3*o**2 + 2. Let i = 5 + -3. Let d be a(i). Let c be (d/(-10))/(1/(-5)). What is the highest common factor of c and 77?
11
Let w(k) = 20*k**3. Let x be w(-1). Let f = -11 - x. What is the highest common factor of f and 45?
9
Let j(u) = -u**2 - 7*u + 6. Let y be j(-5). Let k = -10 - -12. Suppose -k*g + 38 = -y. Calculate the highest common factor of 3 and g.
3
Let o(f) = 8*f - 13. Let l be o(5). Let g be (-2)/6 + (-86)/(-6). Let z = l - g. Calculate the greatest common divisor of 117 and z.
13
Let z be (9/(-4))/(9/(-48)*2). Calculate the highest common factor of z and 30.
6
Suppose -1 = -u + 2. Calculate the highest common factor of 21 and u.
3
Let o be (-3)/((-12)/(-200)*-1). Calculate the highest common divisor of 20 and o.
10
Let n be (3*-1)/((-18)/(-60)). Let r be (-4)/n - (-178)/5. What is the greatest common divisor of 9 and r?
9
Let o(m) = -m**3 + 10 + 0*m - 6 + 8*m**2 + 4*m - 1. Let y(i) = i - 1. Let c be y(8). Let u be o(c). Calculate the greatest common divisor of u and 10.
10
Suppose 4*x + 36 = -36. Let p = x - -42. What is the highest common factor of 48 and p?
24
Let q be (7/(-3) - -2) + (-422)/(-6). Calculate the greatest common factor of 10 and q.
10
Suppose l + 5*o - 2*o = 7, 2*l + 2 = 2*o. Let t(d) = -5 - l - 3*d - 2*d. Let r be t(-4). Calculate the highest common divisor of 2 and r.
2
Let i = 76 + -39. What is the highest common divisor of i and 407?
37
Suppose 4*z - 47 = -4*c + 141, 2*c - 198 = -4*z. Cal